emainder when t is divided by f(1).
10
Let a = -380 - -388. What is the remainder when ((-6)/(-7))/(3/42) is divided by a?
4
Let y = -2 + 7. Suppose y*j - 202 = -3*i, -2*i - 9 + 212 = 5*j. Suppose 32*d - 4375 = -3895. Calculate the remainder when j is divided by d.
11
Suppose 3*h + 5*t = -9, h - 2*t = -0*h + 8. What is the remainder when 5 is divided by h?
1
Let r = 104 - 104. Suppose r = x + j - 197, -5*x - 2*j + 7*j = -1035. Calculate the remainder when x is divided by 41.
38
Suppose p + 26 = 3*g - 4*p, -2*p - 2 = 0. What is the remainder when 298 is divided by g?
4
What is the remainder when (11 - (-58)/2) + -3 is divided by (-96)/(-5) - (-1)/(-5)?
18
Suppose 0 = 2*p + 3*f - 10 - 4, 2*p = 2*f + 4. Suppose 26*c = 21*c - 20. What is the remainder when c/26 - 1760/(-286) is divided by p?
2
Suppose -2*w + 3*w = 0. Let g(a) = a**3 + a**2 + 16. Suppose 3*u + 5*z - 214 = 0, z - 6 + 1 = 0. What is the remainder when u is divided by g(w)?
15
Suppose -a - 25 = -44. Suppose 0 = 4*i + 6*i - 340. What is the remainder when i is divided by a?
15
Suppose 239 - 8 = 7*o. Calculate the remainder when 114 is divided by o.
15
Let m be 70/(-4)*12/(-15). Suppose 0 = -2*t - 0*t + m. Suppose -t*p + 104 = 20. What is the remainder when 45 is divided by p?
9
Let j(k) = -k**3 + 10*k**2 + 10*k + 5. Let n be j(11). Let u = 15 + n. What is the remainder when u is divided by (6 - 3) + (2 - -1)?
3
Let w(f) be the third derivative of f**5/60 - f**4/4 - 4*f**2. Let b be w(6). Let r(c) = -c**3 + 26. What is the remainder when r(b) is divided by 7?
5
Suppose -5*p = -3*q - 50, -34*q + 30*q + 40 = 4*p. Calculate the remainder when 498 is divided by p.
8
Suppose -5*w - 2*b + 44 = 0, 2*w + 10*b - 7*b = 22. What is the remainder when 52 is divided by w?
4
Suppose -3*n = 2*i - 19, -3*n - 6 = 5*i - 31. Suppose i*a = -a + 12. Suppose r + 30 = a*r. What is the remainder when 18 is divided by r?
8
Let o = -155 + 157. Suppose q - 2*w + 0*w - 2 = 0, -9 = -2*q - w. Suppose 2*g - 4*g + 4 = -q*d, -g - 2*d + 2 = 0. What is the remainder when g is divided by o?
0
Suppose 5*s + 2 = 97. Suppose 3*o - 52 = 2*g, 5*o = -5*g - s + 114. What is the remainder when o is divided by 7?
4
Suppose 0 = 4*r - 2*a - 730, 4*r - 24 - 715 = 5*a. What is the remainder when r is divided by 4?
1
Suppose 3*g = -5*i - 19 + 74, 0 = -4*g - i + 79. Calculate the remainder when 59 is divided by g.
19
Suppose 79 = 5*q + v, q - 19*v = -22*v + 27. Suppose -2*j + 104 = -40. What is the remainder when j is divided by q?
12
Suppose 0 = 5*f - 5*d - 65, -9*f = -5*f + d - 27. Suppose 0 = -f*m + 12 + 4. What is the remainder when 4 is divided by m?
0
Suppose -6*n + 7*n = 14. Let x(b) = b**2 - 8*b - 26. Calculate the remainder when x(n) is divided by 10.
8
Suppose -52*n = -33*n - 266. Calculate the remainder when 24 is divided by n.
10
Let m = -78 + 132. Calculate the remainder when m is divided by 49/((-245)/(-30)) + 9.
9
Calculate the remainder when 51 - (1 - 2)/((-8)/32) is divided by 20*3*(-6)/(-15).
23
Suppose 3*i = -o + 62, -o - 3 = -i + 15. What is the remainder when 113 is divided by i?
13
Suppose -1 = 8*p - 17. Suppose 5 + 15 = 4*t - 4*m, 0 = -p*m - 4. Suppose 2*i = -2*i + 8. What is the remainder when t is divided by i?
1
Let x(l) = 17*l**3 - 2*l**2 + 2*l - 2. Let m(y) = 3*y**2 + 6. What is the remainder when x(2) is divided by m(3)?
31
Suppose -4*f - 4*i = -96, i + 64 = 5*f - 86. Suppose 19 = 3*n - f. Calculate the remainder when n is divided by 7.
2
Let s be -28*(0 - (-72)/42). Let m = s - -92. What is the remainder when m is divided by 12?
8
Calculate the remainder when 99 is divided by 80/(-32) - (0 - (-98)/(-4)).
11
Suppose -11*b - 112 + 409 = 0. Calculate the remainder when b is divided by 7.
6
Let r = -1521 - -1611. What is the remainder when r is divided by 13?
12
Suppose -5*n + 7 = 5*f + 2, -4*n + 2 = 3*f. What is the remainder when 1 is divided by n + -3 - (4 + -4 - 5)?
0
Let f(j) = 13*j**2 + 5*j + 11. Let m be f(-6). Suppose 0 = -10*l + m + 1. Calculate the remainder when l is divided by 13.
6
Let n = 46 + -16. Let x = 37 - n. What is the remainder when x is divided by 4 - (0 + (-3)/(-3))?
1
Suppose 84*h - 64 = 80*h. What is the remainder when 350 is divided by h?
14
Let y be (-1850)/(-100)*(2 + 0). Suppose -l + 78 = -4*l. Let z = l + y. Calculate the remainder when 32 is divided by z.
10
Suppose 3*n = -n. Suppose -4*m + n*m + 28 = 0. Let w(s) = -s**2 + 9*s + 1. What is the remainder when 28 is divided by w(m)?
13
Suppose 97 + 133 = 5*z. Let r(u) = 2*u - 4. Suppose 4*v + y - 6*y - 52 = 0, 5*v = -5*y + 20. What is the remainder when z is divided by r(v)?
10
Let t = -36 - -52. Let d = t + 8. Suppose -d = q - 3*q. Calculate the remainder when 35 is divided by q.
11
Let q = -61 + 66. Suppose 2*z = -q*w - 33 + 126, 0 = 5*w - 15. What is the remainder when 193 is divided by z?
37
Let k = -386 - -490. Calculate the remainder when 623 is divided by k.
103
Let n(a) = a + 10. Let b be n(-8). Suppose 0 = -b*u + 5*u - 6. What is the remainder when u/4 - (-27)/6 is divided by 4?
1
Suppose 3*d - 3*y - 52 = -2*y, -d - 4*y = 0. Let t = 19 - d. Suppose v + t*c - 51 = -0*c, 4*v + c = 193. Calculate the remainder when v is divided by 13.
9
Suppose 0 = -2*c + c - 2*u + 4, 3*c - 2*u = 36. Suppose -g + i = -c, 0 = -4*g - 5*i + 2*i + 47. Let y = 51 - 31. Calculate the remainder when y is divided by g.
9
Suppose -10*z = -40 - 30. Calculate the remainder when 69 is divided by z.
6
Suppose -5*i - 48 = -128. Calculate the remainder when (60/16)/((-1)/(-8)) is divided by i.
14
Suppose -w - 1 = -8. Let p = -379 - -391. What is the remainder when p is divided by w?
5
Suppose -44 = -3*t - 3*q + 25, -98 = -4*t + 2*q. Calculate the remainder when 67 is divided by t.
19
Suppose 9299 - 3033 = 26*d. What is the remainder when d is divided by 19?
13
Let a(y) = -y**3 + 27*y**2 + 60*y + 35. Suppose 3*t + 2*t - 60 = 0. What is the remainder when a(29) is divided by t?
9
Let y = 156 - 133. Calculate the remainder when 103 is divided by y.
11
Suppose o + o - 56 = 0. Suppose 7*t = 3*t + 660. What is the remainder when t is divided by o?
25
What is the remainder when 464/(-174)*(9/(-2))/1 is divided by 7?
5
Let t(p) = 40*p - 2218. What is the remainder when t(56) is divided by 1*-5*-1*1?
2
Suppose -3*g - 10 + 25 = 0. Suppose -225 = -10*j + g*j. Calculate the remainder when j is divided by 12.
9
Let r(q) = -12*q - 7. Let k(a) = 6*a + 4. Let g(i) = 10*k(i) + 6*r(i). Calculate the remainder when g(-4) is divided by 24.
22
Suppose -5*p + 22 = 3*b - 9, 2*p - 10 = 0. Suppose -38 = -b*w - 2*j + 38, -4*w + j + 157 = 0. What is the remainder when w is divided by 6?
3
Let k(j) = -j**2 + 22*j - 43. What is the remainder when 159 is divided by k(15)?
35
Let p = 38 + -22. Suppose 4*k = 4*w + 44, -2*w - 10 = -0*w. Calculate the remainder when p is divided by k.
4
Let u(r) = r**3 - 10*r**2 + 14*r + 18. Let s be u(8). Calculate the remainder when (3 + s/(-2))*(7 - 0) is divided by 4.
2
Let k(l) = -l**3 - 32*l**2 - 33*l - 67. Let u be k(-31). Let h(p) = p**2 + 5. What is the remainder when 119 is divided by h(u)?
29
What is the remainder when 9*(-3 - (-157)/3) is divided by 64?
60
Calculate the remainder when 2/7 + (-250)/(-7) is divided by 80/(-24) + (-2)/(-6) + 10.
1
Let k be 0 + 0 - 96/4. Let t = 34 + -75. Calculate the remainder when 28 is divided by t/(-4) + 6/k.
8
Suppose 0 = -4*d + 3*o + 134, 5*d - 164 = -0*d + 2*o. Let b(g) = 3*g + 17. Let u be b(-8). Let p = 19 + u. Calculate the remainder when d is divided by p.
8
Let n = -163 + 175. Let v(g) be the second derivative of g**5/20 - 13*g**4/12 + 13*g**3/6 + 2*g**2 + 2*g. What is the remainder when 43 is divided by v(n)?
11
Suppose 3*g = -0*g + 3. Let h(x) = -x**3 + 5*x**2 + 7*x - 4. Suppose 0 = -z - 2*w, 2*w = -z - z + 6. What is the remainder when h(z) is divided by g?
0
Suppose v - 1 = -3. Let u be -23 + 21 + (-12)/v. What is the remainder when 63 is divided by -2 + (20 - u) + 3?
12
Suppose -41*x = -123 - 533. Let w = -3 + 5. Suppose -53 = -w*q + 37. Calculate the remainder when q is divided by x.
13
Let a = 41 + -21. Suppose -m - a = -5*m. What is the remainder when 14 is divided by m?
4
Let d(i) = 2*i**2 - 113*i - 983. Let b(f) = 6*f - 1. Let x be b(2). What is the remainder when d(-8) is divided by x + 